be t(x). Let o(v) = 46*v**2 + 3*v + 3. Is o(u) composite?
False
Let a = 27474 - 16571. Is a composite?
False
Suppose 0 = 2*y - 3*q - 6, 5*y + 4*q - 11 = 27. Suppose -18*x = -15*x - y. Suppose -l + 4*o + 654 = -229, 0 = x*l - o - 1745. Is l a composite number?
True
Let x = -4694 - -43331. Let h = x - 22310. Is h prime?
False
Is ((-190)/(-1140) + (-14)/12)/(2/(-60908)) prime?
False
Let r be 136738/26 - (-94)/(-611). Let o = r + -2680. Is o a composite number?
False
Suppose 5*l - x - 4*x - 345 = 0, -5*l + 355 = 5*x. Let q be (-20)/l + (-80910)/(-14). Let w = q - 2046. Is w a composite number?
False
Let r = -120 + 66. Is (-75450)/(-54) - 3/r*-4 a prime number?
False
Let f = -170 + 174. Is ((1 - 5854) + f)/((-7)/7) composite?
False
Let p(m) = -m**3 - 2*m**2 - 6. Let t be p(-3). Let d(w) = w**2 + w - 5. Let j be d(-3). Is (j/t)/(0 + (-2)/(-1146)) a prime number?
True
Let v(x) = 8117*x**3 - 34*x**2 + 59*x + 19. Is v(2) composite?
False
Let x = 266 + -153. Suppose -13*j = -17 - x. Is -2*5/j - -980 composite?
True
Suppose 3*t - t = 32. Let w = t - 12. Suppose -3*i + w*i - v = 38, -i + 3*v = -38. Is i composite?
True
Let g(a) be the second derivative of -19*a**5/10 - a**4/24 + 13*a**3/2 - 5*a. Let m(n) be the second derivative of g(n). Is m(-5) composite?
True
Suppose 2*p - 4*p - 109961 = -3*p. Is p composite?
False
Is ((-1 + 4/12)*-2585217)/(14 - 12) a composite number?
False
Let z be (-6)/2*4/(-4). Let g be 9/z + -6 - -23. Is 1/((-5)/2) + 2468/g a composite number?
True
Suppose -5*c = 5*n - 35, 24 = 4*n - c + 1. Suppose -n*d - 61693 = -25*d. Is d a prime number?
False
Let p(n) = 13*n**3 + 13*n**2 + 17. Let q(s) = -s**2 - 17*s + 174. Let v be q(-24). Is p(v) prime?
False
Let p be (-746)/4 - (-12)/(-8). Let c = -45 - p. Suppose -111 = -2*k + c. Is k prime?
True
Suppose 49803 + 5509 = -4*r + 2*m, -13817 = r + 5*m. Is r/(-6) - 2/(-4) prime?
False
Let l(b) = 62*b**2 + 77*b - 1307. Is l(-142) a composite number?
True
Let g be -298*(-4)/(-16)*-10. Suppose 0 = -7*o - g + 2292. Suppose 0 = -5*k - 4*j + 985, 0*k + k = 4*j + o. Is k a composite number?
True
Suppose -136337 = 78*l - 1280519. Is l prime?
True
Let c = 208081 + 514026. Is c composite?
True
Let h = 121829 - 14244. Is h prime?
False
Suppose -4*r + 1475139 = i, 0 = 115*i - 120*i + 35. Is r a prime number?
True
Let x(b) = -38*b**3 + 38*b**2 + 39*b - 14. Is x(-15) composite?
True
Let d be 70/21*((-3)/(-2) - 0). Suppose f - d*m = -7, -31 = -3*f - 5*m + 7*m. Suppose 4*x = f*x - 99. Is x a composite number?
False
Let w(c) = -c**2 - 43*c - 37. Let h be w(-42). Suppose -h*s + 17669 = 4*i - 28894, 4*i - 18630 = -2*s. Is s a prime number?
True
Suppose -4*v + 41 = -3*r, -2*r + 0*v + 2*v = 28. Let z(f) = f - 1. Let c(s) = 44*s - 33. Let k(t) = -c(t) - 4*z(t). Is k(r) a composite number?
False
Suppose -t + 4*h + 839 = 252, -3*t + 1744 = 5*h. Let g(n) = -4*n**3 - 3*n**2 - 2*n + 1. Let p be g(-2). Suppose t = -24*x + p*x. Is x a prime number?
False
Suppose 10*b + 4*d - 294994 = 7*b, -393377 = -4*b + 5*d. Is b composite?
True
Let p(j) be the first derivative of -1283*j**2/2 - j + 26. Is p(-1) a composite number?
True
Let q = -94 - -175. Let v = q + -82. Let r(t) = 137*t**2 - 4*t - 2. Is r(v) composite?
False
Let y(f) = 45*f**2 - 121*f - 1405. Is y(-102) a prime number?
False
Suppose 27804 = -2*k + n, 0 = k + 4*n + 8635 + 5276. Let i = k + 19884. Is i composite?
False
Let z = 1058 + -1890. Let w be (-1263*4/8)/(4/8). Let k = z - w. Is k a prime number?
True
Let d(r) = 320*r - 9. Suppose -5*i = -20, u - 2*i + 0 = -6. Is d(u) a prime number?
True
Let v(d) = 10*d**3 - 3*d**2 - 13*d + 15. Let u(f) = -5*f**3 + 2*f**2 + 7*f - 8. Let l(o) = 5*u(o) + 3*v(o). Let b be l(6). Suppose 2*y = b - 163. Is y prime?
True
Let h(q) = 72028*q - 129. Is h(1) a prime number?
True
Suppose 7 = 3*t - x - 17850, -t = 5*x - 5931. Is t prime?
False
Suppose i + 4*o = 5*i + 24, 2*i + 24 = -4*o. Let c be (0 + -11)*(i + 5706/(-6)). Let b = c - 5008. Is b composite?
True
Suppose -4*q + 36029 + 3447 = 4*j, 2*q + 3*j - 19736 = 0. Is q prime?
True
Suppose -3*t - 3749 = -13109. Let q = t + -1204. Suppose v = q + 3117. Is v prime?
False
Let n(z) = 439*z + 323. Let d be n(42). Suppose 37930 = 9*v - d. Is v prime?
True
Suppose -29 = -3*r - 5*j, -3*j + 25 = 3*r - 2*j. Suppose 6*d = r + 4. Suppose 674 = q + d*q + 4*a, -3*q = 3*a - 669. Is q prime?
False
Suppose 5*z = o - 371 + 2911, 3*z - 3*o - 1524 = 0. Suppose -26*x + 22*x = -z. Is x composite?
False
Suppose -1144*m = -4*z - 1145*m + 2040803, 3*z - 1530590 = m. Is z composite?
False
Let z(a) = 33*a**3 - 5*a**2 - 13*a + 150. Let c(f) = 16*f**3 - 3*f**2 - 7*f + 76. Let m(h) = -7*c(h) + 4*z(h). Is m(6) a prime number?
False
Let q = -301 + 308. Suppose q*m = 10*m + u - 10475, -2*u = 3*m - 10471. Is m a composite number?
True
Suppose -2*y - 78*r + 266082 = -80*r, -5*y + 665217 = r. Is y composite?
True
Is (-85)/935 + 3349435/11 - -7 prime?
True
Let o = 93 + -130. Is -5 - o*(-18)/(-6) prime?
False
Suppose -92 + 47 = -9*m. Suppose m*r - 3*w = 19114, -r - 15*w + 17*w = -3827. Is r a composite number?
False
Let p = -744 - -758. Let s(q) = q**3 - 11*q**2 - 19*q + 13. Is s(p) a composite number?
True
Let n = 11315 + -5292. Suppose 6*u - n = -629. Is u prime?
False
Suppose 33 - 1021 = -2*y. Let z be 0 + y*2 + -1. Suppose 3*q - 6894 = -z. Is q a composite number?
True
Suppose -b = -14 + 4. Let i be -1*(-1*b)/2. Suppose i*z = -2*m + 1057 + 472, -m = -4*z + 1231. Is z a composite number?
False
Suppose 6 + 6 = 3*s. Suppose 0 = s*d - 5*w - 6287, 3*d - 4*w - 4715 = -0*w. Let u = 96 + d. Is u a composite number?
False
Let f(p) = 2703*p**2 - 19*p - 3. Is f(-5) a prime number?
False
Suppose 4*g + 3854 = 3*g - 2*l, 5*g + 19214 = 4*l. Let y(v) = 812*v - 85. Let r be y(9). Let c = r + g. Is c a composite number?
True
Let b = 2322278 + -1560843. Is b a prime number?
False
Let h = 13 - 64. Let r = h + 56. Suppose n + 3*s - 316 = 309, -4*s = r*n - 3147. Is n prime?
True
Let n be 2/(-12) + 305*56/240. Is (2*1973 - -1)*71/n a composite number?
False
Is (-3051184)/(-112)*((-12)/(-30) + 99/15) composite?
False
Suppose -36*x + 2727347 + 101292 = -974725. Is x a composite number?
False
Suppose -496 = i + i. Let q(r) = -11*r**2 - 162*r + 1. Let j be q(2). Let p = i - j. Is p composite?
True
Suppose 1902*l - 49047 = 1899*l. Is l a prime number?
True
Let y(g) = 18*g - 19. Let b(m) = 21*m + 11*m + 3*m - 39. Let n(o) = -3*b(o) + 7*y(o). Is n(5) a prime number?
True
Is 241407/4 + (-20)/(-16) a composite number?
False
Is 1*(-2)/3 + (28 - 9988759/(-33)) a prime number?
False
Is (1108631 + -3)*(15 - 708/48) a prime number?
True
Suppose -s + 19 = 4*q, 6*s - 3*s + 7 = 4*q. Suppose -q*r = -3*k - 1122 + 10179, 0 = -4*r. Is k composite?
False
Suppose -15*r = 13*r - 2*r - 8501558. Is r a composite number?
False
Let b = 266088 + -188411. Is b composite?
True
Suppose 4*y - 65231 - 2925673 = 5*u, 4*y = 4*u + 2990908. Is y composite?
False
Suppose 0 = -6*z + 1636860 - 535658 + 2646200. Is z composite?
True
Let n = -129 + 118. Let i = n + 12. Suppose -421 = -f + 2*h, i = 2*h + 9. Is f composite?
True
Let w = 78801 - 37522. Is w a prime number?
False
Suppose 1 + 35 = 9*v. Is (v/(-12))/(1*3/(-38061)) a prime number?
True
Suppose -59*v = v + 34*v - 9629266. Is v composite?
True
Let k(f) = -5*f**3 - 20*f**2 - f + 4. Suppose 173*j + 10 = 171*j. Is k(j) composite?
True
Suppose -111*k = -113*k + 1748. Suppose 5*j + k = 2*r, 2*j + 2151 = 5*r - 2*j. Is r composite?
True
Let v be 28/(((-12)/(-48))/(2/16)). Is (-146)/(-16)*22 + v/56 composite?
True
Let h(p) = p**2 - 2*p + 20. Let d(k) = k - 1. Let t(n) = -2*d(n) + h(n). Let f be t(7). Suppose r + 0 = f. Is r prime?
True
Let a(m) = 15*m + 1 - 9 + 1 + 46*m**2. Let j(r) = -r**3 + 9*r**2 - 10*r + 94. Let o be j(9). Is a(o) composite?
True
Let h(j) = -655*j + 71. Let a be -3*(-2 - 1/((-6)/8)). Suppose -a*u - 18 + 6 = 0. Is h(u) a prime number?
True
Suppose -2061*m - 1065867 = -2064*m + 3*u, -2*u = m - 355313. Is m a prime number?
True
Let z = -1500505 - -994729. Is (6/4)/((-72)/z) a prime number?
False
Suppose l = -3*i + 1639 + 4638, -l = 2. Let t = i - -626. Is t a prime number?
True
Let o = 667 - -230. Suppose -5*z + 5*w + 1150 = 0, 242 = -3*z - 4*w + o. Suppose 0 = 4*x - 955 - z. Is x a composite number?
True
Suppose